-1 + s)/(2/(-68)). Suppose -p + u = 3*k, -k = -5*p - 0 + 4. Is k a composite number?
True
Let q(j) be the second derivative of 5*j**4/12 - j**3/3 - 2*j**2 + 19*j. Let n(b) = -b**2 + 3*b + 5. Let g be n(5). Is q(g) a prime number?
True
Suppose 3*u + 4*y = -228 + 1224, 330 = u + 2*y. Is u - 4/(-8)*2 a prime number?
True
Suppose 6*z + 382 = 1258. Is z prime?
False
Let z(p) = 16*p - 3. Let x(s) be the second derivative of 11*s**3/2 - 5*s**2/2 + s. Let j(c) = -2*x(c) + 5*z(c). Is j(9) composite?
True
Let z be (-5 - -4)/(1/(-10)). Let a = 16 - z. Is 346/a - 2/3 prime?
False
Let q = 16 + -9. Is q prime?
True
Let m = -462 - -871. Is m composite?
False
Suppose -10*t = -4*t - 5862. Is t prime?
True
Suppose 0*v = -3*v. Let b(x) = x - 5 - x**3 + v + 20*x**2 - 16*x**2. Is b(-5) a composite number?
True
Let y(f) = -f - 1. Let o(i) = 5*i - 1. Let c(k) = -o(k) + 6*y(k). Suppose 0 = -5*q + 5 - 50. Is c(q) prime?
False
Let d = -678 - 965. Is d/(-2) + (-5)/10 a composite number?
False
Let n(k) = k**3 - 23*k**2 + 23*k + 12. Is n(23) a prime number?
True
Let u(k) = k**3 + 1. Is u(6) a composite number?
True
Let i(p) = -343*p - 6. Is i(-1) composite?
False
Suppose -3*k = -3*q - 1260, 4*k + 1258 = 7*k - q. Is k prime?
True
Let f = 27 - 3. Suppose f*n - 22*n = 322. Is n composite?
True
Suppose 5*z - z + c - 15 = 0, 5*c + 21 = 4*z. Let q = -13 + z. Let f(l) = -2*l - 5. Is f(q) a prime number?
True
Suppose g + 15 = 4*g, -4*a = -4*g + 8. Suppose a*j + 3*h + 466 = 8*j, -3*j + h = -282. Is j composite?
True
Suppose 5*g - 2*g + 2*q - 1453 = 0, -4*q + 1463 = 3*g. Is g a prime number?
False
Let m(k) = k**2 + 8*k - 6. Let t be m(-9). Let u = t + 3. Is u prime?
False
Let k(b) = -2*b**2 - 2*b. Let m be k(-2). Let j(r) be the first derivative of -r**4/4 - 4*r**3/3 - 7*r**2/2 - 6*r - 6. Is j(m) a prime number?
False
Let a = 5 + 0. Suppose 0 = a*v + 3 - 13. Is v a prime number?
True
Let u(p) = -p**3 - 2*p**2 + p - 1. Let g be u(-2). Let m = -3 + 2. Is 158/6 - m/g composite?
True
Let i(p) = -18*p + 41. Is i(-17) composite?
False
Let r = 236 - -449. Is r prime?
False
Let b = 693 - 309. Suppose -3*v - 376 = -4*h, -3*h - h + v = -b. Suppose -372 + h = -5*j. Is j prime?
False
Let d = -137 + 320. Is d prime?
False
Suppose 7*f = -2*f + 1521. Is f a prime number?
False
Suppose -h = -6*h + 80. Let v be 1*4*196/h. Let r = v - 14. Is r a prime number?
False
Let y(m) = 3*m - 6. Let c be y(3). Suppose 2*h + 4*q - 140 = -2*h, 3*h - c*q = 93. Is h composite?
True
Let s(k) = -k**2 + 1. Let n(f) = f**2 + 2*f + 5. Let w(p) = n(p) - 2*s(p). Is w(8) a prime number?
True
Let q(b) be the first derivative of 16*b**2 + b - 2. Is q(5) a composite number?
True
Let c(p) = -2 + 2*p + 3*p**2 - 4*p**2 + 2*p**2. Let m be c(-5). Let r = 34 - m. Is r a prime number?
False
Let t = -104 - -193. Is t a prime number?
True
Suppose -119 = -2*t - 5*u, -2*t - 2*u + 87 = -47. Let a = 25 + t. Is a prime?
True
Let z(i) = 6*i**2 + 8*i - 7. Is z(6) composite?
False
Let u = 4 - 2. Suppose -o + u*o - 223 = 0. Is o composite?
False
Let l be (16 + -5)/((-2)/42). Let y = l - -650. Is y a composite number?
False
Is (-2194)/(-14) + 12/(-294)*-7 prime?
True
Suppose -2*w + 9*w = 4669. Is w a composite number?
True
Let y be ((-14)/8)/((-2)/(-8)). Is (-215)/y - (-4)/14 a composite number?
False
Let b be (-198)/45 - (-2)/5. Is (2238/((-12)/b))/2 prime?
True
Let t(d) = -157*d**3 + d**2 - 1. Let u be 45/(-18) + (-3)/(-2). Is t(u) a composite number?
False
Suppose 5*u - 6 = 4*u. Let g = 9 + u. Is g composite?
True
Let j(h) = -h**3 - 7*h**2 - 6*h + 8. Let p be j(-6). Suppose 2*l = p - 0. Suppose -6*y - 3*z = -l*y - 35, 99 = 5*y - 4*z. Is y a composite number?
False
Suppose 2*n + 2 = 2*d, 5*d - 1 = 4*n + 2. Let o be (d + 5)*(-1)/(-2). Is -218*((-5)/o)/5 prime?
True
Suppose 3*l + 3*p - 1397 = p, -3*l = -2*p - 1405. Is l a composite number?
False
Let v(l) = -3*l + 1. Let o be (0 - 3 - -7) + -16. Is v(o) composite?
False
Let w(x) = 541*x - 118. Is w(7) a prime number?
False
Suppose r - 9144 = -5*r. Suppose -3*x - x + r = 0. Is x a composite number?
True
Suppose 0 = -4*l + a + 16, 3*a = 4*l - 0*l - 24. Let h be 5*((-414)/(-10))/l. Suppose 0 = -2*d + 101 + h. Is d a prime number?
False
Let d = 1926 + -1187. Is d a composite number?
False
Suppose l - 4*y = -0*l + 2727, l - 2712 = y. Is l prime?
True
Let m = 12 + -20. Let s = m - -12. Suppose -97 - 43 = -s*f. Is f prime?
False
Suppose 5*n + 2*c - 745 = 0, 5*n + 375 - 1120 = -3*c. Is n prime?
True
Is (-1 - 3)/(12/(-822)) a prime number?
False
Suppose -4 = -3*z + 2. Suppose -4*k + 44 = -z*s - 216, -4*k - 4*s + 284 = 0. Is k a composite number?
False
Let l = 7 + -21. Let r(y) = y**2 + 9*y - 17. Is r(l) a composite number?
False
Suppose 4 = -d, -o + 4*d = -2*o + 147. Let a = o + -111. Suppose -2*t + a = 4*r, r + t - 8 = 3. Is r prime?
False
Let y(j) be the third derivative of -j**4/6 - j**3/6 - j**2. Suppose 10 + 0 = -b. Is y(b) a composite number?
True
Let i(q) = q**3 + 10*q**2 - 9*q + 13. Is i(-10) prime?
True
Suppose 5*v = -0*b + 4*b + 2083, 2*b - 6 = 0. Is v composite?
False
Suppose -2*v = -4*v. Suppose 4*w - 5*j - 613 = v, -w + 3*j = 4*w - 776. Is w a prime number?
True
Suppose 0 = 10*s - 36 - 24. Is s a composite number?
True
Suppose 0 = -0*j + 3*j - 255. Suppose -5*b + 2*v = -0*v + 40, 5*v = -4*b + 1. Let u = j + b. Is u prime?
True
Let v be (-4)/(-2 - 0) - -7. Let k(q) = -2*q**3 - 5*q**2. Let u be k(-4). Suppose -3*r = -u - v. Is r a prime number?
True
Let y = -13 + 103. Suppose -m - y = -7*m. Is m a composite number?
True
Suppose -w + 3*z - 17 = -6*w, 0 = 2*z - 8. Let f = w + -4. Is (-3)/(-4 - f) + 130 a prime number?
False
Is (527/2)/(3/6) a composite number?
True
Suppose z - 14 + 15 = 0. Let r(b) be the first derivative of -45*b**4/4 - b**2/2 + 1. Is r(z) a composite number?
True
Let d(x) = 6*x**2 - 8*x - 33. Is d(10) prime?
True
Suppose -n + 2*n = 4*s + 12, -5*s - 5 = 0. Suppose -z - 3 - 1 = 0. Is z/n - (-90)/4 prime?
False
Suppose -b - 510 = -3*b - 4*j, -3*b + 5*j = -776. Is b a composite number?
False
Suppose -k + 5*b = -28, 4*k + 4*b + 5 = -3. Suppose -5*j + 455 = k*s, -2*s + 95 = 2*j - 87. Is j composite?
True
Let d = 130 - 216. Let i = d - -231. Is i composite?
True
Is 10*(-2*1 - (-3570)/20) composite?
True
Suppose 44*h = 45*h - 4. Let t(s) = s + 2. Let a be t(3). Suppose h*c - 2*j + 5*j = 80, -3*c + 89 = -a*j. Is c a composite number?
False
Let c = -371 - -649. Is c a composite number?
True
Is (1363 - (-6)/(-3))*(-4 + 11) composite?
True
Let o(x) = x - 7. Let g be o(4). Is 470 - -6 - g/1 a composite number?
False
Suppose -822 + 3183 = 3*i. Is i prime?
True
Let d(u) = 2*u + 5*u - 1 + 5 + 1. Let s be d(7). Is 1*(-2)/2 + s prime?
True
Suppose 6*m - 233 = 229. Is m composite?
True
Let c = 801 + -460. Is c composite?
True
Let i(m) = 33*m**2 + 2*m - 1. Let h = 0 - 2. Is i(h) a composite number?
False
Let p(b) = 3 + 0*b - 2*b**2 - 6*b + 3*b**2. Let v be p(4). Let r = v - -31. Is r a composite number?
True
Let c be 117/3*8/(-6). Let m = c - -103. Is m a composite number?
True
Suppose -56 = -2*c + 80. Suppose 80 + c = 4*a. Is a composite?
False
Let y(r) = -r**3 + 8*r**2 - 9*r + 9. Let v be y(7). Let g(d) = 2*d**2 - 5*d + 4. Is g(v) composite?
False
Suppose -45 = -3*h + 303. Let s = 21 - h. Let t = s + 172. Is t a prime number?
False
Suppose 4*j = -10*a + 5*a + 33, -5*a + 21 = -2*j. Suppose -7*h + j*h + 2*t + 645 = 0, -5*h = -t - 640. Is h composite?
False
Let i be 1*(-3)/(-6)*0. Suppose -3*y + 120 = -2*b, -2*y + 0*b + 2*b + 82 = i. Is y a composite number?
True
Is ((-4)/2)/1 - -1933 composite?
False
Suppose 0 = -2*t - 140 + 26. Let c = -2 - t. Is c composite?
True
Suppose -12*k - 5446 = -19*k. Is k prime?
False
Let s(t) = 3*t**2 - 2*t - 1. Let p be (-114)/(-27) + (-6)/27. Is s(p) a prime number?
False
Let y be 0/(-3) + (-1 - -71). Let z = -35 + y. Is z composite?
True
Let s(z) = 459*z - 61. Is s(5) a prime number?
False
Let g be (-67)/(-4) - (-3)/12. Suppose -w - g = -5*v, 3*w - 4*v = -7*v + 21. Suppose j + 3*j - w*s = 331, j - 104 = 5*s. Is j prime?
True
Let v = 0 + 1. Let y = 2 + 0. Is (v/(y/(-12)))/(-1) prime?
False
Let f = -206 - -312. Is f composite?
True
Let n(j) = -j**3 + 12*j**2 - 9*j - 9. Is n(11) a composite number?
False
Suppose -y = -2*m - m - 140, -m + 152 = y. Is y composite?